inder when c is divided by 32?
30
Let b = -33 - -58. Let w = 34 - 21. Calculate the remainder when b is divided by w.
12
Suppose -4*x + 110 = 3*u, -109*u = -105*u + 5*x - 145. Calculate the remainder when u is divided by 8.
6
Calculate the remainder when 41 is divided by (3/(-9)*-2)/(4/24).
1
Let r = -120 + 122. Suppose 62 + 14 = r*g. Suppose o - g = 4*p, o - 12 = -5*p + 26. What is the remainder when o is divided by 16?
6
Suppose 0*u - 8336 = 4*u - 12*u. Calculate the remainder when u is divided by 263.
253
Suppose -3*b + 42*z - 47*z = -275, -184 = -2*b - 3*z. Suppose -3*g + 849 = 3*w, w - g - 144 = 137. Calculate the remainder when w is divided by b.
92
Let s be 6/(-7)*(-105)/45. Calculate the remainder when 133 is divided by s*(-345)/10*4/(-12).
18
Suppose -20 = 4*g, 0 = -3*y + 4*g + 2392 - 464. What is the remainder when y is divided by 60?
36
Suppose 0 = 8*l - 135 - 33. Suppose 4*d - 108 = 4*w, 0 = -d + 55*w - 52*w + l. Calculate the remainder when 84 is divided by d.
24
Let m(h) be the third derivative of h**5/60 + 11*h**4/24 + 15*h**3/2 - 12*h**2 + 2*h. What is the remainder when 66 is divided by m(-8)?
3
Let s be -1 + -5 + -8 + 11. Suppose 0 = -3*a + 4*a + 4*l - 101, a + 5*l = 100. What is the remainder when 26 is divided by s/2 + (a/10 - -5)?
12
Suppose 2*q - 3*q = -311. Suppose -697 = -9*g + q. Calculate the remainder when g is divided by 19.
17
Let p(j) = 623*j - 5648. What is the remainder when p(11) is divided by 396?
17
Calculate the remainder when 136 is divided by (-17 - 2232/(-26)) + 4/26.
67
Suppose 9*u = 6*u - 18. Let y = u + 18. Let w = 355 + -333. Calculate the remainder when w is divided by y.
10
Let z(x) = -327*x + 3659. Let u(k) = -19*k**3 - k**2 + 2*k - 3. Calculate the remainder when u(-3) is divided by z(11).
61
Let j(s) = 11*s**2 - 3*s + 2. Let o be j(1). Suppose -o*n + 640 = -1300. Calculate the remainder when n is divided by 39.
38
Let a = -339 + 345. Suppose -a*u + 262 = 82. Suppose 5*q = 590 - 145. What is the remainder when q is divided by u?
29
Let s(x) = 94 - 96 + 6*x + 3*x. Let c be s(4). Suppose 33*w - c*w + 21 = 0. Calculate the remainder when 102 is divided by w.
18
Suppose 1 = -2*h - 9, 5*h + 40 = -5*k. Let a(r) = 12*r**2 - 2*r + 8. Calculate the remainder when a(k) is divided by 65.
57
Let m = -373 - -368. Calculate the remainder when 181 is divided by (m - 46/(-4))*(-4)/(-1).
25
Suppose 4*z = -4*j + 3*j + 20, -116 = -4*j + 2*z. Let g = 168 + -84. Let p = g - 68. What is the remainder when j is divided by p?
12
Suppose n + d - 167 = 0, 5*n = 2*n + 2*d + 526. Calculate the remainder when 584 is divided by n.
68
Suppose 4*v + 2*q - 3*q - 202 = 0, -48 = -v - q. Calculate the remainder when 210 is divided by v.
10
Let t(u) = 2*u**2 + 528*u - 2627. Calculate the remainder when 498 is divided by t(5).
57
Let s = 627 + -563. Calculate the remainder when 635 is divided by s.
59
Suppose 18*t - 5*t = 689. Suppose t = -20*h + 353. What is the remainder when 53 is divided by h?
8
Suppose -9*w + 3 = -15. What is the remainder when 50 is divided by ((-12)/16)/((-4)/160*w)?
5
Let m(g) = -2*g + 17. Let b be m(-4). Suppose b = 5*p + 5, 2*i + 18 = -5*p. What is the remainder when 49 is divided by (-80)/(-6) + i/57?
10
What is the remainder when (11/((-66)/(-4548)))/(3/(-9)*-2) is divided by 229?
221
Let y(l) = -l**3 - 16*l**2 - 14*l + 15. Let g be y(-15). Suppose g = -29*i + 25*i + 320. Calculate the remainder when i is divided by 7.
3
Suppose -245*a + 1369 + 4459 = -1522. Calculate the remainder when 58 is divided by a.
28
Suppose 62*r - 336 = 55*r. Suppose 0 = -3*i - 93 - 12. What is the remainder when r is divided by 4/7 + (-575)/i?
14
Let u(h) = 2*h + 6. Let a be u(-7). Let m = 25 - a. Suppose -2*b = j - 198 + 78, 2*b + 2*j = 112. Calculate the remainder when b is divided by m.
31
Let f(m) be the first derivative of -m**4/2 - 25*m**3/3 - 15*m**2/2 + 6*m - 4. What is the remainder when f(-12) is divided by 5?
2
Suppose -3*f + 10*c = 8*c + 2392, -5*f - 3*c - 3974 = 0. Let n = f + 1039. What is the remainder when n is divided by 63?
54
Let b = -67 + 100. Suppose 2*a = -0*n + n + b, 2*a - 2*n - 32 = 0. Let q(m) = 2*m**2 + 5*m - 19. Calculate the remainder when q(6) is divided by a.
15
Suppose 3*d - 3*g = -54, 0*d = 5*d + 3*g + 122. Let u = d - -22. Let h = 13 + u. What is the remainder when 36 is divided by h?
10
Suppose 12 = -4*r + 4, -4*o + 5*r = -10. Suppose 3*f + f - 8 = o, 0 = b + f + 23. What is the remainder when ((-595)/b - 5)/(4/10) is divided by 25?
22
Let s be -2*2/((-8)/10). Suppose s*c - 46 = 3*c. What is the remainder when c is divided by 493/(-87) - -9 - (-5)/3?
3
Let s be (-18135)/(-39) + (-1 - -3 - 7). Suppose -3*v + 586 = s. What is the remainder when 139 is divided by v?
13
Let f(b) = -13*b + 2. Suppose -3*s + 0 = 21. What is the remainder when f(s) is divided by 29?
6
Suppose -287 = 12*q + 841. Let a = -79 - q. What is the remainder when 553 is divided by a?
13
Let h(k) = k**3 + 4*k**2 - 2*k - 8. Let f be h(-2). Calculate the remainder when (-2)/1 - (-1 + -65) is divided by 19 + f/(-5)*(-5)/(-2).
13
Let c(y) = -65*y - 230. Let b be c(-6). Suppose -2*u + 2*m + 39 = -37, m - b = -5*u. Calculate the remainder when u is divided by 3.
0
Calculate the remainder when 2472 is divided by (1749/(-23) + (-76)/(-1748))*10/(-4).
2
Suppose -4*w = p + 19 - 53, 2*p - 68 = 2*w. Calculate the remainder when 305 is divided by p.
33
Suppose 4*a - 136 = -2*d, 4*d - a = a + 302. Let u be (39 + -2)/(1 - (-2 - -2)). Suppose u = -w + 62. What is the remainder when d is divided by w?
24
Suppose -2 = d - 5*a + 16, 3*d + 2*a = 31. Calculate the remainder when 40/6*((-744)/16)/(-31) is divided by d.
3
Let q(c) = c**3 + 6*c**2 + 9*c. Let d be q(-3). Suppose -5*s + 6*s - u - 10 = 0, -u = d. Calculate the remainder when 166 is divided by s.
6
Suppose 558 = 4*a + y, -546 = -4*a - 15*y + 12*y. Calculate the remainder when a is divided by 53.
35
What is the remainder when 1158 is divided by (-1755)/(-114)*648/135 - (-4)/38?
48
Let d(k) = 7*k**2 + 4*k + 2. Suppose -4*p + 4*h - 8 = 0, -p + 2 = 4*p - 2*h. Calculate the remainder when d(p) is divided by 24.
14
Let l(j) = -j**2 + 18*j + 40. Let p be 15 - (-7)/(21/6). Let d = 141 - 126. What is the remainder when l(p) is divided by d?
12
Let n(o) = 2*o**2 + 28*o - 453. Calculate the remainder when n(14) is divided by 133.
65
Let o(z) = -5*z + 61. Let y be 1/(-3)*(22/1 + -4). Calculate the remainder when 1180 is divided by o(y).
88
Suppose -568*n - 2900 = -570*n. Suppose -19*t = 6*t - n. Calculate the remainder when 579 is divided by t.
57
Suppose -3*x - 3*a + 87 = 0, -5*a - 36 = -3*x + 51. Suppose 8*d = -372 + 4060. Calculate the remainder when d is divided by x.
26
Let o(x) = 9*x. Let w(m) = 4*m. Let l(j) = 2*o(j) - 7*w(j). Calculate the remainder when 146 is divided by l(-5).
46
Let v(a) = 2*a**2 + 98*a - 898. Calculate the remainder when 5071 is divided by v(10).
277
Let w(f) = -f**3 + 62*f**2 + 48*f - 2322. Calculate the remainder when w(62) is divided by 140.
94
Let f = 1002 + 1234. Calculate the remainder when -2*(-2613)/52*(-2)/(-3) is divided by (-4)/10 - f/(-65).
33
Let d(u) = -30*u - u**3 + 7 + 79*u - 28*u - 32*u + 7*u**2. Let f(g) = 3*g**2 + 2*g + 2. What is the remainder when f(-2) is divided by d(5)?
0
Suppose 0 = 24*o - 1164 - 228. What is the remainder when 807 is divided by o?
53
Let d = -87 + 149. Let f = -57 + d. Suppose -3*j = f*x - 6*j - 115, -4*j = -20. What is the remainder when 129 is divided by x?
25
Let w(u) = u**3 - 9*u**2 + 9*u + 15. Let p be w(8). Let x = p + -25. What is the remainder when 1 is divided by (-12)/(-20) - x/5?
0
Let f be (-2 + 2)/(2 + 0). Let g(x) = -x**2 + 36*x + 99. Let j be g(38). Suppose f = k + j - 25. What is the remainder when 11 is divided by k?
1
Let s be ((-6)/4)/(2/(-20)). Suppose -2*p + s = -b + 1, 17 = 2*b + 5*p. What is the remainder when 76 is divided by 2/((b - 1)/(-50))?
16
Suppose -27*w + 26*w = 4, 4*n + 2*w = 544. What is the remainder when 420 is divided by n?
6
Let r = 23054 + -21827. Calculate the remainder when r is divided by 46.
31
Let w(z) = -4*z**3 - 2*z**2 + 3*z. Suppose 11*v - 404 = 366. Calculate the remainder when v is divided by w(-2).
16
Suppose 15*x = 26*x - 132. Suppose 5*t - 204 = -x*t. What is the remainder 